s the highest common factor of p and 40?
10
Let n = 26 + -17. Suppose 5*y + n + 1 = 0. Let z be ((-9)/y)/((-6)/(-40)). Calculate the greatest common divisor of z and 75.
15
Suppose 19 = 2*a + 1. Let y = 1 + 17. Calculate the greatest common factor of y and a.
9
Let j = -2 - -6. Let k = 11 - j. Calculate the highest common divisor of 77 and k.
7
Suppose -33 = -s + 17. What is the greatest common divisor of s and 20?
10
Suppose -4*p - 4 = -4*j, 5 + 4 = 3*j. Let f = 9 + 3. Suppose -p*u + f = u. What is the greatest common divisor of u and 4?
4
Suppose 0 = -2*z - 2 - 6. Let s = z + 59. What is the highest common divisor of s and 11?
11
Suppose 4*y = -0*s + s - 36, y = 5. What is the highest common divisor of s and 7?
7
Let h = 310 - 182. Calculate the greatest common divisor of h and 16.
16
Let r = 11 + -11. Suppose -3*i + r = -6. What is the highest common divisor of 2 and i?
2
Let g be (-24)/(-42) + (-52)/(-7). Calculate the highest common divisor of 72 and g.
8
Suppose 2*l - 5 - 7 = 0. Suppose -15 = l*f - f. Let m be 41 - (0 + f/(-3)). What is the greatest common factor of m and 16?
8
Let q(v) = -v**2 + 2*v + 1. Let n be q(2). Let i be 1/n - (-3)/3. Suppose 0*a - 2*l + 8 = -a, i*l - 6 = 2*a. Calculate the greatest common divisor of 2 and a.
2
Suppose 2*y + 3*y - 25 = 0. Suppose -y*z + 69 = 19. What is the highest common divisor of z and 25?
5
Suppose -33 = -4*v + 5*o, -4*v - 5 + 33 = -4*o. Let j be (8/20)/(2/110). What is the highest common divisor of j and v?
2
Suppose -d + 4*d = 42. What is the greatest common divisor of 14 and d?
14
Suppose -5*r = -43 + 8. Let p(s) = s**3 - 8*s**2 + 8*s - 3. Let j be p(r). Calculate the greatest common factor of j and 1.
1
Let f = -13 + 45. Calculate the highest common factor of 128 and f.
32
Suppose 4*m - 15 = 1. Suppose -4*a + 5*s + 0*s + 507 = 0, -5*a = -m*s - 645. What is the highest common factor of a and 19?
19
Suppose -5*f + 5 = 0, -3*h - 2 = -2*f - 12. Suppose 5*m - h*m = 14. What is the greatest common factor of m and 154?
14
Let n(p) = p + 11. Let d be n(-5). Suppose 0 = i - 1 - d. Suppose 0 = -2*j + i*j - 40. What is the greatest common divisor of 4 and j?
4
Suppose -5 = -3*d + 4*k, 0*d = d + 2*k - 5. What is the greatest common factor of d and 3?
3
Let r be (-117)/(-27) - (-2)/(-6). Calculate the greatest common factor of r and 8.
4
Let z(m) = -35 + 36 + 47*m**2 + 31*m**2 + 2*m. Let q = 2 + -3. Let d be z(q). What is the greatest common divisor of d and 11?
11
Suppose -f + 8 = f. Suppose -r - 1 = -f. Suppose q = -q + 3*m + 29, r*q - 49 = -m. What is the greatest common divisor of q and 24?
8
Let z(s) = s - 3. Let p be z(7). Let o = 6 - 3. Suppose -26 = -o*b + 4. What is the highest common factor of p and b?
2
Let j be 5 - (-2)/(2/(-3)). Let s = -1 - -1. Let r = 2 + s. Calculate the greatest common divisor of r and j.
2
Let b = -102 + 147. What is the highest common divisor of b and 18?
9
Let u be 0/(7 + 1) + 15 + -1. Calculate the highest common divisor of u and 42.
14
Suppose 1 = z - 3. Suppose 3*t - z*t + 6 = 0. Calculate the greatest common divisor of t and 3.
3
Suppose -1 - 39 = -4*h. Calculate the greatest common divisor of 4 and h.
2
Let c be 2/(8/12) - -74. Calculate the greatest common divisor of c and 7.
7
Let m(k) = 2*k + 1. Let o be m(-4). Let g(s) = -s + 1. Let h be g(o). What is the highest common divisor of 16 and h?
8
Let t be 1/(-2)*-4 + 0. Suppose 17 - 7 = -t*l. Let b(y) = -2*y. Let h be b(l). What is the highest common divisor of h and 20?
10
Let b(s) = s**3 - 9*s**2 + 7*s + 10. Let x be b(8). Suppose f + 13 = -3*r + 55, 2*r = -x. What is the greatest common factor of f and 15?
15
Suppose 0 = 4*i - 48 - 16. Let x be (6 - 8) + 6/2. Let n = 1 + x. Calculate the highest common divisor of n and i.
2
Suppose 0 = 5*k, 3*h + 220 = 7*h - 3*k. Let t = 25 - 14. What is the highest common divisor of t and h?
11
Suppose 992 = 4*k + 296. Suppose 4*s + 126 = -k. Let a be (24/(-10))/3*s. Calculate the greatest common divisor of a and 6.
6
Let t = 2 - -6. What is the greatest common divisor of 1 and t?
1
Suppose 2*f - 8 - 112 = 0. Calculate the greatest common factor of f and 30.
30
Let o = -148 - -244. What is the highest common factor of 12 and o?
12
Suppose -2*x + 167 + 29 = 0. What is the highest common divisor of 14 and x?
14
Suppose -5*t = -29 - 36. Suppose 4*j - t = 15. Calculate the highest common factor of 63 and j.
7
Let b(o) = o**3 + 9*o**2 + 3*o - 2. Let i be b(-7). What is the highest common divisor of i and 15?
15
Let g(t) = -t**2 - 7*t + 8. Suppose -4*f + 3*m - 9 - 9 = 0, 5*f + 28 = m. Let q be g(f). Calculate the greatest common divisor of q and 14.
14
Let f = 6 + -5. Suppose -4*o = -3*d + 53, -3*o + 10 - f = d. Calculate the greatest common divisor of 5 and d.
5
Let q(v) = v**2 - 8*v - 2. Let g be q(9). Let u(n) = -n**3 + 7*n**2 + 2*n - 4. Let a be u(g). What is the highest common factor of a and 80?
10
Let t(b) = b**2 + 3*b - 8. Let w be t(-6). Suppose -2*l + w = -l. What is the greatest common divisor of l and 10?
10
Let i = 7 - -18. What is the highest common factor of i and 5?
5
Let c(j) = 2*j**3 - 5*j**2 + 5*j - 4. Let m be c(3). Let d be 1043/21 - 1/(-3). Calculate the highest common divisor of d and m.
10
Let x be (-1125)/60*4/(-1). Suppose 3*c - 6*c = -x. Calculate the highest common divisor of c and 250.
25
Suppose 0 = -b - 3*b + 88. Suppose 2*z - 1 - 3 = 0. What is the greatest common divisor of z and b?
2
Let g = 8 - 11. Let w be ((-6)/2)/g*2. Suppose 2*r = y - w*r - 100, r = -2*y + 191. Calculate the greatest common divisor of y and 12.
12
Suppose 0 = -33*x + 46*x - 520. What is the greatest common divisor of x and 24?
8
Let w = 171 - 169. Let l be 3 - 1 - (-1 + 1). Calculate the greatest common divisor of w and l.
2
Suppose 0 = -6*a + 13 + 23. Let j(s) = 47*s**2 + 1. Let n be j(1). Suppose v = -3*v + n. Calculate the highest common factor of v and a.
6
Let m(d) be the first derivative of 2*d - 1/3*d**3 - 2*d**2 - 3. Let y be m(-4). What is the greatest common factor of y and 4?
2
Let p = -7 + 7. Suppose -w + 2*w + 3*a = -12, p = 3*w + 5*a + 28. Let b = 34 - w. What is the highest common divisor of 8 and b?
8
Let s(b) = -b - 12. Let v be s(-6). Let n(j) = -j**2 - 7*j - 4. Let h be n(v). What is the greatest common divisor of 18 and h?
2
Let a be 2/(-15) + (-1285)/(-75). What is the highest common divisor of a and 119?
17
Suppose -5*r + 28 - 8 = 0. Suppose -3*q + r*q = 7. What is the greatest common factor of 77 and q?
7
Let w = -38 + 66. Suppose 111 = 4*u - 1. Let s = u + w. Calculate the greatest common factor of 7 and s.
7
Suppose s - 4 = -2. Calculate the greatest common factor of 3 and s.
1
Suppose 28 = -3*q + 208. Suppose 3*j - 5*j = -48. What is the greatest common divisor of j and q?
12
Let w be (-1)/(-4) + (-958)/(-8). Suppose -4*s - s = -w. What is the highest common divisor of 72 and s?
24
Let k(y) = -y**3 - 10*y**2 + 5*y + 9. Let h be k(-11). What is the highest common divisor of 25 and h?
25
Let n = 13 + -9. Suppose 6 - 18 = -3*t, 4*v + n*t = 64. Let j = v - -44. What is the highest common divisor of 8 and j?
8
Let u(o) = o**3 + o**2 + o + 202. Let j be u(0). Suppose 0 = -5*i - 52 + j. Suppose c = -3*c + 80. Calculate the greatest common divisor of i and c.
10
Let t(i) = 2*i**2 - 3*i + 3. Let q be t(3). Suppose 5*f + 24 = 84. Calculate the highest common factor of f and q.
12
Suppose -2*f + 5*u + 38 = -69, 0 = 4*u + 12. Suppose 0 = -7*v + 622 - 139. Calculate the highest common factor of v and f.
23
Suppose -4*a - 1 + 5 = 0. Let i = 14 + a. Let k = 33 - i. Calculate the greatest common factor of 9 and k.
9
Suppose -2*q = 2*q - 5*a - 45, 0 = -2*q - 2*a + 36. Suppose 2*m - 2*c = 3*c - 14, -4*m - 8 = -5*c. What is the highest common factor of m and q?
3
Let k = 83 + 27. What is the greatest common factor of 10 and k?
10
Suppose 5*b = -4*k + 8, -b - 6 = -3*k + b. Suppose -4*i - 23 = 17. Let f be ((-32)/i)/k*5. What is the highest common factor of f and 88?
8
Let a(j) = -j + 22. Let k be a(15). What is the highest common factor of k and 7?
7
Let x = 235 - 148. What is the highest common divisor of 29 and x?
29
Suppose -170 = -4*m + 50. Suppose 2*w + 3*l - 10 = 0, -5*w + 39 = l + 3*l. Calculate the greatest common divisor of w and m.
11
Suppose -h + 12 = 